i, l - 3*l + i = -31. List the prime factors of l.
13
Suppose -4*l = -6*l + 18. Let c be (l - 4)*8/10. Suppose -c*t + 42 = -t. List the prime factors of t.
2, 7
Suppose 0*a - a = -3. What are the prime factors of a/(-6)*2 + 9?
2
Let j = -6 - -8. Suppose -28 = j*a + 56. Let o = a - -62. List the prime factors of o.
2, 5
Let q(y) = -7*y - 8. Let o be q(-6). Let h = o + -10. What are the prime factors of h?
2, 3
Suppose 118 = 2*w - 5*v, -w + 38 + 31 = -5*v. Let k = w + -21. Suppose 4*d + 3*n - k = 0, 2*d - n = 7*d - 24. List the prime factors of d.
2
Suppose -o = j - 0*j - 3, -j - 3*o + 5 = 0. Suppose 0 = j*x - 0*x. Suppose x = -g + 7 + 4. List the prime factors of g.
11
Let h(b) = 4*b**3 + 2*b**2 - b + 2. What are the prime factors of h(2)?
2, 5
Let b(c) = c**3 + c**2 + c. Let k(i) = 7*i**3 + 3*i**2 + 4*i + 1. Let s(z) = 3*b(z) - k(z). Let n be s(-1). Suppose -n*y + 39 = -5. List the prime factors of y.
11
Suppose 3*v - 2 = -5*l + 3*l, -2*v = -2*l + 2. Let g = -11 + v. Let o = g + 20. List the prime factors of o.
3
Let p be (-6 - 0)*(-6)/9. Suppose -p*f + 54 = -f. Suppose -4*v = -v - f. List the prime factors of v.
2, 3
Let f(o) = 4*o**2. Let w = -2 + 3. List the prime factors of f(w).
2
Let r = -9 + 128. What are the prime factors of r?
7, 17
Let d(u) = 2*u**2 + u. Let p(z) = z**3 + 5*z**2 + 6*z + 6. Let k be p(-4). List the prime factors of d(k).
2, 3
Suppose 485 = 5*r - 2*r + u, 0 = -5*u - 20. What are the prime factors of r?
163
Suppose 0 = -4*z + 2*d + 70, 2*z - 3*d - 37 = -0*z. Suppose -l + 30 = 4*v, -4*l + 69 = -v - z. What are the prime factors of l?
2, 11
Suppose -z + 3*z - 80 = 0. Suppose 0 = -4*x + 4*a, 5*x + 5*a + 10 = z. What are the prime factors of x*(3 + (0 - -2))?
3, 5
Let f(t) be the third derivative of -t**4/6 - 2*t**2. What are the prime factors of f(-4)?
2
Let q(s) = 27*s**2 - 2*s + 3. What are the prime factors of q(-3)?
2, 3, 7
What are the prime factors of 4 - -105*(-6)/45*-5?
2, 37
Let i(d) = -4*d + 26. Let z be i(-11). Suppose -w - w = -z. What are the prime factors of w?
5, 7
Suppose -2*x - 2*x - 40 = 0. Let y be -5*(78/x - -3). What are the prime factors of (4/(-6) - -1)*y?
2
Let w = -4 - -10. Suppose 3*i - w*i = 0. Suppose 4*p = 16 - i. List the prime factors of p.
2
Suppose 0 = f - 19 + 1. Suppose -2*n + 0*n = -f. List the prime factors of n.
3
Suppose -155 = -5*t + 3*a + 143, -2*a = -8. List the prime factors of t.
2, 31
Let i(f) be the second derivative of f**5/20 - f**4/6 + 5*f**3/6 - f**2 + 4*f. List the prime factors of i(3).
2, 11
Let v(d) be the first derivative of -d**2/2 + 5*d + 10. List the prime factors of v(3).
2
Let r(b) = 2*b - 1. Let n be r(2). Suppose -f + 45 = m, 3*f + n*m - 177 = -f. What are the prime factors of 198/f - (-2)/7?
5
Let j = -8 - -15. Suppose 2 - j = -5*n. What are the prime factors of (1/2)/(n/10)?
5
Let j(q) = -q - 4*q + 2 - 4. List the prime factors of j(-3).
13
Let t(z) = z**3 - 9*z**2 + z + 8. Let v be 6/(-8)*-4*3. List the prime factors of t(v).
17
Suppose -4 = -i + 1. Suppose i*b + 0*u - 43 = -2*u, 4*b - 5*u - 8 = 0. Let m(c) = -c**3 + 8*c**2 - 6*c - 4. What are the prime factors of m(b)?
3
Let j be 84/(-22) - 2/11. Let a(h) = h**3 + 4*h**2 - 4*h - 6. List the prime factors of a(j).
2, 5
Suppose 4*s - 7*s + 795 = 3*q, 0 = -3*s - 3. List the prime factors of q.
2, 7, 19
Suppose -d + 37 = 6. What are the prime factors of d?
31
Let i(y) = y**3 - y**2 - y - 405. Let k(j) = j + 4. Let p be k(-4). Let u be i(p). What are the prime factors of (-6)/21 + u/(-21)?
19
What are the prime factors of 369/2 - (-5)/(-2)?
2, 7, 13
List the prime factors of (-9639)/(-49) + (-4)/(-14) + -4.
193
Let x be (6/(-4) + 2)*94. Suppose 14 = -3*h + x. Let z = 18 - h. What are the prime factors of z?
7
Let g(n) = 8*n**2 - 1 - 6 + n**3 - 2 + n. What are the prime factors of g(-7)?
3, 11
Suppose -2*n + 6*n = 820. Suppose 3*o + 3*m = -123, -3*m + n = -5*o - 2*m. Let s = -24 - o. List the prime factors of s.
17
Suppose 0*g + g = 0. Suppose g = -k - y + 22, 2*y = 2*k - 2*y - 20. What are the prime factors of k?
2, 3
Suppose f = 4*z + 8, 4*z - 1 = 4*f - 9. Suppose 0 = -0*j - j + q + 6, 0 = -j + 2*q + 7. List the prime factors of 8 - j/(5/z).
2, 5
Let x = 13 + -9. Suppose -3*b = -4*o + 2*b + 80, -x*o - 5*b = -120. What are the prime factors of o?
5
Suppose g + 4*v - 2*v = 7, 4*v = 4. Suppose 6*a = g*a + 4. List the prime factors of a.
2
Suppose 50 = -15*l + 10*l. Let h = 41 + l. What are the prime factors of h?
31
Let n be ((-12)/5)/((-6)/15). Let b = n - 4. What are the prime factors of b?
2
Suppose -3*n + 130 = 2*n. Suppose -4*q + t - 20 = 3*t, 0 = -4*q - 5*t - n. Let j = 3 - q. List the prime factors of j.
7
Let v(g) = -g**2 + 9*g - 17. Let o(k) = -1. Let z(h) = 6*o(h) - v(h). What are the prime factors of z(8)?
3
Let j = 10 + -7. Suppose -3*r = y - 36 + 4, 0 = -3*y - j*r + 66. What are the prime factors of y?
17
Let t = 5 - -25. What are the prime factors of t?
2, 3, 5
Suppose -4*g - 12 = 0, 5*f - 4*g + 62 = 269. Let v = -57 + f. Let d = -10 - v. List the prime factors of d.
2
Let u(y) = -23*y**3 - 2*y**2 - y + 22*y**3 - 4*y**2 + 0 - 2. Suppose p + 5 = -1. What are the prime factors of u(p)?
2
Let f(r) = -2*r**2 + 6*r + 7. Let y be f(6). Let n = 7 - 26. Let x = n - y. What are the prime factors of x?
2, 5
Suppose -4 = -4*s + 2*s. List the prime factors of s.
2
Suppose 5*g - 385 = -5*x - 0*x, -160 = -2*g + x. Suppose 0 = 2*v - 10, -3*v + g = c + 3*c. What are the prime factors of c?
2
Let s be 1*-2*(-1)/(-2). What are the prime factors of 14/7*(-8)/s?
2
Let c(v) = -v**2 - 7*v + 6. Let m be c(-7). Suppose d - k - m = -4*k, -5*d - 3*k + 54 = 0. What are the prime factors of d?
2, 3
Let s be 56/6 + (-2)/(-3). Suppose -2*t - 4 + s = 0. Let f = 6 - t. List the prime factors of f.
3
Let r = -21 - -12. Let t = r + 13. Suppose -t*b + 5 = -11. What are the prime factors of b?
2
Let k(b) = 12*b**3 - 4*b**2 + 7*b - 5. What are the prime factors of k(3)?
2, 19
Let k = -3 + 5. Let p = 5 - k. Suppose 2*f - p*f = 5*n - 63, -5*n + 69 = 3*f. What are the prime factors of n?
2, 3
Let l(q) be the first derivative of 2*q**3/3 + q**2/2 + 3*q - 3. List the prime factors of l(4).
3, 13
Let t(f) = 11*f - 2. Let h be t(8). Suppose 3*p - 96 = -3*w, 4*w + 22 = -2*p + h. List the prime factors of p.
2
Suppose -4 = 4*r, -4*x + 236 = -0*x + 4*r. What are the prime factors of x?
2, 3, 5
Let n(y) = -y**2 + 7*y + 3. Let x be n(7). Suppose -6 = -x*u + 9. List the prime factors of u.
5
Let p(b) = 3*b + 10. List the prime factors of p(2).
2
Suppose -3*z + 28 = -47. List the prime factors of z.
5
Let a(v) = v**3 - 7*v**2 + 8*v - 8. Let m be a(6). Let j = 7 - m. Suppose -j*d - 4 = -2*c + 4, c = 4*d + 4. List the prime factors of c.
2
Let o = -26 - -16. What are the prime factors of (44/(-2))/(o/5)?
11
Suppose 5*w - 2*s + s = -11, w + 19 = -4*s. Let g be (1/w)/(3/(-207)). Let b = -16 + g. What are the prime factors of b?
7
Suppose -19 = -p - x, -2*x - 52 = -5*p + 36. Let w = p + -6. List the prime factors of w.
2, 3
Let p(r) = 3 - 16*r - 4 - 3 + 3. What are the prime factors of p(-2)?
31
Suppose -2*v + 5*v = -t + 70, 0 = 2*t + 4*v - 132. Suppose 0 = -k + t - 18. List the prime factors of k.
2, 5
Let j(y) = 7*y - 1. Let z be j(-4). Let s be ((-2)/(-3))/((-18)/(-27)). What are the prime factors of z/(-5) + s/5?
2, 3
Let h(q) = q**3 + 3*q**2 - 3*q - 4. What are the prime factors of h(3)?
41
Suppose -5*g + 420 = 5*h, 3*g = 2*h + 3*h + 236. What are the prime factors of g?
2, 41
Suppose 2*d = -0 + 8. What are the prime factors of d?
2
Let f(c) = c**2 + 9*c + 2. Let w be f(-9). Suppose -5*v + k + w*k = -89, 2*k + 22 = v. What are the prime factors of v?
2
Suppose -16*f + 11*f + 10 = 0. Suppose 0 = f*i - 5*o - 71, 11 = 2*i - o - 64. What are the prime factors of i?
2, 19
Suppose -2*l + 10 = -2*x, 2*l - 1 = -x - 0*l. Let y(o) = -5*o + 1. List the prime factors of y(x).
2
Let g be (-2)/8 - (-115)/(-20). Let q be g*(-2)/12*2. Suppose q + 3 = y. What are the prime factors of y?
5
Let y(c) = c**3 - 2*c**2 - c - 5. Let r be (-36)/(-3)*(-2)/(-6). List the prime factors of y(r).
23
Suppose 2*a + 13 = 101. What are the prime factors of a?
2, 11
Suppose -17 + 5 = -2*b. Suppose b = 3*x + 21. Let f = 13 + x. List the prime factors of f.
2
Let d be (-3)/(-3) + 50